{"id":18,"date":"2023-06-25T01:18:06","date_gmt":"2023-06-24T23:18:06","guid":{"rendered":"https:\/\/dd-training.com\/?page_id=18"},"modified":"2026-01-28T15:41:12","modified_gmt":"2026-01-28T14:41:12","slug":"a-propos","status":"publish","type":"page","link":"https:\/\/dd-training.com\/index.php\/a-propos\/","title":{"rendered":"A propos"},"content":{"rendered":"\t\t<div data-elementor-type=\"wp-page\" data-elementor-id=\"18\" class=\"elementor elementor-18\">\n\t\t\t\t\t\t<section class=\"elementor-section elementor-top-section elementor-element elementor-element-6bbb521 elementor-section-full_width elementor-section-stretched elementor-section-height-default elementor-section-height-default\" data-id=\"6bbb521\" data-element_type=\"section\" data-e-type=\"section\" data-settings=\"{&quot;stretch_section&quot;:&quot;section-stretched&quot;}\">\n\t\t\t\t\t\t<div class=\"elementor-container elementor-column-gap-default\">\n\t\t\t\t\t<div class=\"elementor-column elementor-col-100 elementor-top-column elementor-element elementor-element-77d3f82\" data-id=\"77d3f82\" data-element_type=\"column\" data-e-type=\"column\">\n\t\t\t<div class=\"elementor-widget-wrap elementor-element-populated\">\n\t\t\t\t\t\t<div class=\"elementor-element elementor-element-5a297e8 elementor-widget elementor-widget-etheme_slider\" data-id=\"5a297e8\" data-element_type=\"widget\" data-e-type=\"widget\" data-widget_type=\"etheme_slider.default\">\n\t\t\t\t<div class=\"elementor-widget-container\">\n\t\t\t\t\t\n\t\t<div class=\"swiper-entry et-slider  slider-4349 etheme-css\" data-css=\".slider-4349 .swiper-custom-left,  .slider-4349 .swiper-custom-right{color:#222 !important;background-color: #e1e1e1 !important} .slider-4349 .swiper-custom-left:hover,  .slider-4349 .swiper-custom-right:hover{background-color: #e1e1e1 !important}\">\n\t\t\t<div class=\"swiper-container stop-on-hover\" data-centeredSlides=\"1\" data-breakpoints=\"1\" data-xs-slides=\"1\" data-sm-slides=\"1\" data-md-slides=\"1\" data-lt-slides=\"1\" data-slides-per-view=\"1\" data-space=\"0\" data-autoplay=\"5000\" data-speed=\"300\" data-effect=\"slide\" data-loop=\"true\" data-mousewheel=\"true\">\n\t\t\t\t<div class=\"et-loader swiper-lazy-preloader\"><\/div>\n\t\t\t\t<!-- Additional required wrapper -->\n\t\t\t\t<div class=\"swiper-wrapper\">\n\t\t\t\t\t<!-- Slides -->\n\t\t\t\t\t<div class=\"swiper-slide\">\t\t<div onclick=\"window.location='#'\" class=\"slider-item  fadeIn-slide slider-item-1829  elementor-repeater-item-ab258cc cursor-pointer\" data-slide-id=\"1829\">\n\n\t\t\t\t\t\t\t<div class=\"bg-overlay\"><\/div>\n\t\t\t\t\t\t\n\t\t\t<div class=\"container  justify-content-center align-items-center\">\n\n\t\t\t\t<div class=\"slide-content \">\n\n\t\t\t\t\t<h2 class=\"slide-title  animated\">A propos<\/h2><h2 class=\"slide-subtitle  animated\">Tel : +225 0788988057<\/h2>\n\t\t\t\t\t<div class=\"description animated\">\n\t\t\t\t\t\tcabinet de formation et de conseil sp\u00e9cialis\u00e9 dans les technologies de l\u2019information\t\t\n\t\t\t\t\t<\/div>\n\t\t\n\t\t\t\t\t\t\t\t\t\t\t<div onclick=\"window.location='#'\" class=\"slide-button animated cursor-pointer\">\n\t\t\t\t\t\t\tFormations \t\t\t\t\t\t<\/div>\n\t\t\t\t\t\n\t\t\t\t<\/div> \n\t\t\t<\/div> \n\t   \t<\/div> \t    \n\t    <\/div>\t\t\t\t<\/div>\n\t\t\t\t\t\t\t<\/div>\n\t\t<\/div>\n\n\t\t\t\t\t\t<\/div>\n\t\t\t\t<\/div>\n\t\t\t\t\t<\/div>\n\t\t<\/div>\n\t\t\t\t\t<\/div>\n\t\t<\/section>\n\t\t\t\t<section class=\"elementor-section elementor-top-section elementor-element elementor-element-374dca6 elementor-section-boxed elementor-section-height-default elementor-section-height-default\" data-id=\"374dca6\" data-element_type=\"section\" data-e-type=\"section\">\n\t\t\t\t\t\t<div class=\"elementor-container elementor-column-gap-default\">\n\t\t\t\t\t<div class=\"elementor-column elementor-col-100 elementor-top-column elementor-element elementor-element-6d9c40f\" data-id=\"6d9c40f\" data-element_type=\"column\" data-e-type=\"column\">\n\t\t\t<div class=\"elementor-widget-wrap elementor-element-populated\">\n\t\t\t\t\t\t<section class=\"elementor-section elementor-inner-section elementor-element elementor-element-52e535f elementor-section-boxed elementor-section-height-default elementor-section-height-default\" data-id=\"52e535f\" data-element_type=\"section\" data-e-type=\"section\">\n\t\t\t\t\t\t<div class=\"elementor-container elementor-column-gap-default\">\n\t\t\t\t\t<div class=\"elementor-column elementor-col-50 elementor-inner-column elementor-element elementor-element-bf2bee9\" data-id=\"bf2bee9\" data-element_type=\"column\" data-e-type=\"column\">\n\t\t\t<div class=\"elementor-widget-wrap elementor-element-populated\">\n\t\t\t\t\t\t<div class=\"elementor-element elementor-element-7e60e173 elementor-widget elementor-widget-heading\" data-id=\"7e60e173\" data-element_type=\"widget\" data-e-type=\"widget\" data-widget_type=\"heading.default\">\n\t\t\t\t<div class=\"elementor-widget-container\">\n\t\t\t\t\t<h1 class=\"elementor-heading-title elementor-size-default\">Qui sommes nous <\/h1>\t\t\t\t<\/div>\n\t\t\t\t<\/div>\n\t\t\t\t<div class=\"elementor-element elementor-element-6d8969bd elementor-widget elementor-widget-text-editor\" data-id=\"6d8969bd\" data-element_type=\"widget\" data-e-type=\"widget\" data-widget_type=\"text-editor.default\">\n\t\t\t\t<div class=\"elementor-widget-container\">\n\t\t\t\t\t\t\t\t\t<p>DD Training est un cabinet de formation et de conseil sp\u00e9cialis\u00e9 dans les technologies de l\u2019information, bas\u00e9 \u00e0 Abidjan, en C\u00f4te d\u2019Ivoire. Nous accompagnons les particuliers, les professionnels et les entreprises dans le d\u00e9veloppement de leurs comp\u00e9tences techniques, la mont\u00e9e en expertise et la pr\u00e9paration aux certifications internationales reconnues.<\/p>\t\t\t\t\t\t\t\t<\/div>\n\t\t\t\t<\/div>\n\t\t\t\t\t<\/div>\n\t\t<\/div>\n\t\t\t\t<div class=\"elementor-column elementor-col-50 elementor-inner-column elementor-element elementor-element-7a66c95\" data-id=\"7a66c95\" data-element_type=\"column\" data-e-type=\"column\">\n\t\t\t<div class=\"elementor-widget-wrap elementor-element-populated\">\n\t\t\t\t\t\t<div class=\"elementor-element elementor-element-38b8314 elementor-widget elementor-widget-heading\" data-id=\"38b8314\" data-element_type=\"widget\" data-e-type=\"widget\" data-widget_type=\"heading.default\">\n\t\t\t\t<div class=\"elementor-widget-container\">\n\t\t\t\t\t<h1 class=\"elementor-heading-title elementor-size-default\">Nous offrons : <\/h1>\t\t\t\t<\/div>\n\t\t\t\t<\/div>\n\t\t\t\t<div class=\"elementor-element elementor-element-5fafebb elementor-icon-list--layout-traditional elementor-list-item-link-full_width elementor-widget elementor-widget-icon-list\" data-id=\"5fafebb\" data-element_type=\"widget\" data-e-type=\"widget\" data-widget_type=\"icon-list.default\">\n\t\t\t\t<div class=\"elementor-widget-container\">\n\t\t\t\t\t\t\t<ul class=\"elementor-icon-list-items\">\n\t\t\t\t\t\t\t<li class=\"elementor-icon-list-item\">\n\t\t\t\t\t\t\t\t\t\t\t<span class=\"elementor-icon-list-icon\">\n\t\t\t\t\t\t\t<i aria-hidden=\"true\" class=\"far fa-check-circle\"><\/i>\t\t\t\t\t\t<\/span>\n\t\t\t\t\t\t\t\t\t\t<span class=\"elementor-icon-list-text\">Formations certifiantes<\/span>\n\t\t\t\t\t\t\t\t\t<\/li>\n\t\t\t\t\t\t\t\t<li class=\"elementor-icon-list-item\">\n\t\t\t\t\t\t\t\t\t\t\t<span class=\"elementor-icon-list-icon\">\n\t\t\t\t\t\t\t<i aria-hidden=\"true\" class=\"far fa-check-circle\"><\/i>\t\t\t\t\t\t<\/span>\n\t\t\t\t\t\t\t\t\t\t<span class=\"elementor-icon-list-text\">Bootcamps intensifs<\/span>\n\t\t\t\t\t\t\t\t\t<\/li>\n\t\t\t\t\t\t\t\t<li class=\"elementor-icon-list-item\">\n\t\t\t\t\t\t\t\t\t\t\t<span class=\"elementor-icon-list-icon\">\n\t\t\t\t\t\t\t<i aria-hidden=\"true\" class=\"far fa-check-circle\"><\/i>\t\t\t\t\t\t<\/span>\n\t\t\t\t\t\t\t\t\t\t<span class=\"elementor-icon-list-text\">Day-to-Day Trainings (pratique terrain)<\/span>\n\t\t\t\t\t\t\t\t\t<\/li>\n\t\t\t\t\t\t\t\t<li class=\"elementor-icon-list-item\">\n\t\t\t\t\t\t\t\t\t\t\t<span class=\"elementor-icon-list-icon\">\n\t\t\t\t\t\t\t<i aria-hidden=\"true\" class=\"far fa-check-circle\"><\/i>\t\t\t\t\t\t<\/span>\n\t\t\t\t\t\t\t\t\t\t<span class=\"elementor-icon-list-text\">Coaching examens internationaux<\/span>\n\t\t\t\t\t\t\t\t\t<\/li>\n\t\t\t\t\t\t\t\t<li class=\"elementor-icon-list-item\">\n\t\t\t\t\t\t\t\t\t\t\t<span class=\"elementor-icon-list-icon\">\n\t\t\t\t\t\t\t<i aria-hidden=\"true\" class=\"far fa-check-circle\"><\/i>\t\t\t\t\t\t<\/span>\n\t\t\t\t\t\t\t\t\t\t<span class=\"elementor-icon-list-text\">Labs guid\u00e9s &amp; \u00e9tudes de cas r\u00e9els<\/span>\n\t\t\t\t\t\t\t\t\t<\/li>\n\t\t\t\t\t\t<\/ul>\n\t\t\t\t\t\t<\/div>\n\t\t\t\t<\/div>\n\t\t\t\t<div class=\"elementor-element elementor-element-87a0c2c elementor-align-center elementor-widget elementor-widget-button\" data-id=\"87a0c2c\" data-element_type=\"widget\" data-e-type=\"widget\" data-widget_type=\"button.default\">\n\t\t\t\t<div class=\"elementor-widget-container\">\n\t\t\t\t\t\t\t\t\t<div class=\"elementor-button-wrapper\">\n\t\t\t\t\t<a class=\"elementor-button elementor-button-link elementor-size-sm\" href=\"https:\/\/dd-training.com\/index.php\/contact\/\">\n\t\t\t\t\t\t<span class=\"elementor-button-content-wrapper\">\n\t\t\t\t\t\t\t\t\t<span class=\"elementor-button-text\">Nous Contacter<\/span>\n\t\t\t\t\t<\/span>\n\t\t\t\t\t<\/a>\n\t\t\t\t<\/div>\n\t\t\t\t\t\t\t\t<\/div>\n\t\t\t\t<\/div>\n\t\t\t\t<div class=\"elementor-element elementor-element-21facd7 elementor-shape-circle elementor-grid-0 e-grid-align-center etheme-elementor-widget-loaded elementor-widget elementor-widget-social-icons\" data-id=\"21facd7\" data-element_type=\"widget\" data-e-type=\"widget\" data-widget_type=\"social-icons.default\">\n\t\t\t\t<div class=\"elementor-widget-container\">\n\t\t\t\t\t\t\t<div class=\"elementor-social-icons-wrapper elementor-grid\" role=\"list\">\n\t\t\t\t\t\t\t<span class=\"elementor-grid-item\" role=\"listitem\">\n\t\t\t\t\t<a class=\"elementor-icon elementor-social-icon elementor-social-icon-facebook elementor-animation-pop elementor-repeater-item-08323e6\" target=\"_blank\">\n\t\t\t\t\t\t<span class=\"elementor-screen-only\">Facebook<\/span>\n\t\t\t\t\t\t<i aria-hidden=\"true\" class=\"fab fa-facebook\"><\/i>\t\t\t\t\t<\/a>\n\t\t\t\t<\/span>\n\t\t\t\t\t\t\t<span class=\"elementor-grid-item\" role=\"listitem\">\n\t\t\t\t\t<a class=\"elementor-icon elementor-social-icon elementor-social-icon-et-tik-tok-o elementor-animation-pop elementor-repeater-item-7f91203\" target=\"_blank\">\n\t\t\t\t\t\t<span class=\"elementor-screen-only\">Et-tik-tok-o<\/span>\n\t\t\t\t\t\t<i aria-hidden=\"true\" class=\"et-icon et-tik-tok-o\"><\/i>\t\t\t\t\t<\/a>\n\t\t\t\t<\/span>\n\t\t\t\t\t\t\t<span class=\"elementor-grid-item\" role=\"listitem\">\n\t\t\t\t\t<a class=\"elementor-icon elementor-social-icon elementor-social-icon-whatsapp elementor-animation-pop elementor-repeater-item-7bba021\" target=\"_blank\">\n\t\t\t\t\t\t<span class=\"elementor-screen-only\">Whatsapp<\/span>\n\t\t\t\t\t\t<i aria-hidden=\"true\" class=\"fab fa-whatsapp\"><\/i>\t\t\t\t\t<\/a>\n\t\t\t\t<\/span>\n\t\t\t\t\t\t\t<span class=\"elementor-grid-item\" role=\"listitem\">\n\t\t\t\t\t<a class=\"elementor-icon elementor-social-icon elementor-social-icon-instagram elementor-animation-pop elementor-repeater-item-abf3ba1\" target=\"_blank\">\n\t\t\t\t\t\t<span class=\"elementor-screen-only\">Instagram<\/span>\n\t\t\t\t\t\t<i aria-hidden=\"true\" class=\"fab fa-instagram\"><\/i>\t\t\t\t\t<\/a>\n\t\t\t\t<\/span>\n\t\t\t\t\t<\/div>\n\t\t\t\t\t\t<\/div>\n\t\t\t\t<\/div>\n\t\t\t\t\t<\/div>\n\t\t<\/div>\n\t\t\t\t\t<\/div>\n\t\t<\/section>\n\t\t\t\t\t<\/div>\n\t\t<\/div>\n\t\t\t\t\t<\/div>\n\t\t<\/section>\n\t\t\t\t<section class=\"elementor-section elementor-top-section elementor-element elementor-element-1e2ed82 elementor-section-full_width elementor-section-stretched elementor-section-height-default elementor-section-height-default\" data-id=\"1e2ed82\" data-element_type=\"section\" data-e-type=\"section\" data-settings=\"{&quot;stretch_section&quot;:&quot;section-stretched&quot;}\">\n\t\t\t\t\t\t<div class=\"elementor-container elementor-column-gap-default\">\n\t\t\t\t\t<div class=\"elementor-column elementor-col-100 elementor-top-column elementor-element elementor-element-c86b594\" data-id=\"c86b594\" data-element_type=\"column\" data-e-type=\"column\">\n\t\t\t<div class=\"elementor-widget-wrap elementor-element-populated\">\n\t\t\t\t\t\t<div class=\"elementor-element elementor-element-067effa elementor-widget-divider--view-line_text elementor-widget-divider--element-align-center elementor-widget elementor-widget-divider\" data-id=\"067effa\" data-element_type=\"widget\" data-e-type=\"widget\" data-widget_type=\"divider.default\">\n\t\t\t\t<div class=\"elementor-widget-container\">\n\t\t\t\t\t\t\t<div class=\"elementor-divider\">\n\t\t\t<span class=\"elementor-divider-separator\">\n\t\t\t\t\t\t\t<span class=\"elementor-divider__text elementor-divider__element\">\n\t\t\t\tNos Partenaires\t\t\t\t<\/span>\n\t\t\t\t\t\t<\/span>\n\t\t<\/div>\n\t\t\t\t\t\t<\/div>\n\t\t\t\t<\/div>\n\t\t\t\t<div class=\"elementor-element elementor-element-9e4e8ea elementor-widget elementor-widget-ucaddon_logo_carousel\" data-id=\"9e4e8ea\" data-element_type=\"widget\" data-e-type=\"widget\" data-widget_type=\"ucaddon_logo_carousel.default\">\n\t\t\t\t<div class=\"elementor-widget-container\">\n\t\t\t\t\t<!-- start Logo Carousel -->\n\t\t<link id='font-awesome-css' href='https:\/\/dd-training.com\/wp-content\/plugins\/unlimited-elements-for-elementor-premium\/assets_libraries\/font-awesome5\/css\/fontawesome-all.min.css' type='text\/css' rel='stylesheet' >\n\t\t<link id='font-awesome-4-shim-css' href='https:\/\/dd-training.com\/wp-content\/plugins\/unlimited-elements-for-elementor-premium\/assets_libraries\/font-awesome5\/css\/fontawesome-v4-shims.css' type='text\/css' rel='stylesheet' >\n\t\t<link id='owl-carousel-css' href='https:\/\/dd-training.com\/wp-content\/plugins\/unlimited-elements-for-elementor-premium\/assets_libraries\/owl-carousel-new\/assets\/owl.carousel.css' type='text\/css' rel='stylesheet' >\n\n\t\t\t<style type=\"text\/css\">\/* widget: Logo Carousel *\/\n\n#uc_logo_carousel_elementor_9e4e8ea{\n  min-height:1px;\n}\n\n#uc_logo_carousel_elementor_9e4e8ea *{\n  box-sizing:border-box;\n}\n\n#uc_logo_carousel_elementor_9e4e8ea .owl-nav .owl-prev{\n    position:absolute;\n  \n    display:inline-block;\n    text-align:center;\n}\n#uc_logo_carousel_elementor_9e4e8ea .owl-nav .owl-next{\n  position:absolute;\n\n  display:inline-block;\n  text-align:center;\n}\n\n\n#uc_logo_carousel_elementor_9e4e8ea .owl-dots {\noverflow:hidden;\ndisplay:none !important;\ntext-align:center;\n}\n\n#uc_logo_carousel_elementor_9e4e8ea .owl-dot {\nborder-radius:50%;\ndisplay:inline-block;\n}\n\n\n#uc_logo_carousel_elementor_9e4e8ea{\n\ttext-align: center;\n  position:relative;\n}\n#uc_logo_carousel_elementor_9e4e8ea .uc_logo_carousel_holder{\n    display:flex;\n    align-items: center;\n    justify-content:center;\n    flex-wrap: wrap;\n    width: 100%;\n}\n#uc_logo_carousel_elementor_9e4e8ea .uc_logo_carousel_holder a\n{height:100%;\n    width: 100%;\n  display:flex;\n  align-items: center;\n    justify-content:center;\n}\n\n#uc_logo_carousel_elementor_9e4e8ea  img{\n    height:100%;\n    width: 100%;\n    object-fit: contain;\n}\n\n\n\n\n<\/style>\n\n\t\t\t<div class=\"uc_logo_carousel\"  style=\"direction:ltr;\">\n   <div class=\"uc_carousel owl-carousel owl-theme uc-items-wrapper  \" id=\"uc_logo_carousel_elementor_9e4e8ea\"  >\n   \t\t<div>\n    \n    <div class=\"uc_logo_carousel_holder ue-item\">\n          <a href=\"#\" >\n          <img fetchpriority=\"high\" decoding=\"async\" src=\"https:\/\/dd-training.com\/wp-content\/uploads\/2026\/01\/Cisco_logo.svg-768x406.png\"  src=\"https:\/\/dd-training.com\/wp-content\/uploads\/2026\/01\/Cisco_logo.svg-768x406.png\" alt=\"Cisco_logo\" width=\"768\" height=\"406\" >\n          <\/a>\n    <\/div>\n\t\n      \n<\/div>\n<div>\n    \n    <div class=\"uc_logo_carousel_holder ue-item\">\n          <a href=\"#\" >\n          <img decoding=\"async\" src=\"https:\/\/dd-training.com\/wp-content\/uploads\/2026\/01\/comptia_logo_white-1-768x348.png\"  src=\"https:\/\/dd-training.com\/wp-content\/uploads\/2026\/01\/comptia_logo_white-1-768x348.png\" alt=\"comptia_logo_white-1\" width=\"768\" height=\"348\" >\n          <\/a>\n    <\/div>\n\t\n      \n<\/div>\n<div>\n    \n    <div class=\"uc_logo_carousel_holder ue-item\">\n          <a href=\"#\" >\n          <img decoding=\"async\" src=\"https:\/\/dd-training.com\/wp-content\/uploads\/2026\/01\/482732-768x248.png\"  src=\"https:\/\/dd-training.com\/wp-content\/uploads\/2026\/01\/482732-768x248.png\" alt=\"482732\" width=\"768\" height=\"248\" >\n          <\/a>\n    <\/div>\n\t\n      \n<\/div>\n\n   <\/div>\t\n<\/div>\n\t\t\t<!-- end Logo Carousel -->\t\t\t\t<\/div>\n\t\t\t\t<\/div>\n\t\t\t\t\t<\/div>\n\t\t<\/div>\n\t\t\t\t\t<\/div>\n\t\t<\/section>\n\t\t\t\t<\/div>\n\t\t","protected":false},"excerpt":{"rendered":"<p>A propos Tel : +225 0788988057 cabinet de formation et de conseil sp\u00e9cialis\u00e9 dans les technologies de l\u2019information Formations Qui sommes nous DD Training est&#8230;<\/p>\n","protected":false},"author":1,"featured_media":0,"parent":0,"menu_order":0,"comment_status":"closed","ping_status":"closed","template":"elementor_header_footer","meta":{"footnotes":""},"class_list":["post-18","page","type-page","status-publish","hentry"],"_links":{"self":[{"href":"https:\/\/dd-training.com\/index.php\/wp-json\/wp\/v2\/pages\/18","targetHints":{"allow":["GET"]}}],"collection":[{"href":"https:\/\/dd-training.com\/index.php\/wp-json\/wp\/v2\/pages"}],"about":[{"href":"https:\/\/dd-training.com\/index.php\/wp-json\/wp\/v2\/types\/page"}],"author":[{"embeddable":true,"href":"https:\/\/dd-training.com\/index.php\/wp-json\/wp\/v2\/users\/1"}],"replies":[{"embeddable":true,"href":"https:\/\/dd-training.com\/index.php\/wp-json\/wp\/v2\/comments?post=18"}],"version-history":[{"count":3,"href":"https:\/\/dd-training.com\/index.php\/wp-json\/wp\/v2\/pages\/18\/revisions"}],"predecessor-version":[{"id":2216,"href":"https:\/\/dd-training.com\/index.php\/wp-json\/wp\/v2\/pages\/18\/revisions\/2216"}],"wp:attachment":[{"href":"https:\/\/dd-training.com\/index.php\/wp-json\/wp\/v2\/media?parent=18"}],"curies":[{"name":"wp","href":"https:\/\/api.w.org\/{rel}","templated":true}]}}